
Calculate the remainder when 96 is divided by 14.
12
What is the remainder when 66724 is divided by 22?
20
Calculate the remainder when 114 is divided by 36.
6
Calculate the remainder when 12202 is divided by 108.
106
Calculate the remainder when 5962 is divided by 21.
19
What is the remainder when 609 is divided by 160?
129
Calculate the remainder when 19303 is divided by 24.
7
Calculate the remainder when 95 is divided by 44.
7
What is the remainder when 200 is divided by 194?
6
What is the remainder when 302 is divided by 34?
30
Calculate the remainder when 578 is divided by 97.
93
Calculate the remainder when 141 is divided by 64.
13
Calculate the remainder when 709 is divided by 13.
7
Calculate the remainder when 471 is divided by 17.
12
What is the remainder when 849 is divided by 37?
35
Calculate the remainder when 516 is divided by 166.
18
What is the remainder when 6117 is divided by 266?
265
What is the remainder when 1616 is divided by 33?
32
What is the remainder when 138 is divided by 29?
22
What is the remainder when 40 is divided by 20?
0
Calculate the remainder when 676 is divided by 540.
136
What is the remainder when 149 is divided by 4?
1
What is the remainder when 502 is divided by 51?
43
What is the remainder when 14 is divided by 7?
0
Calculate the remainder when 762 is divided by 263.
236
What is the remainder when 372 is divided by 318?
54
Calculate the remainder when 191 is divided by 61.
8
Calculate the remainder when 206 is divided by 97.
12
Calculate the remainder when 32 is divided by 26.
6
Calculate the remainder when 25575 is divided by 23.
22
Calculate the remainder when 596 is divided by 106.
66
Calculate the remainder when 347 is divided by 111.
14
Calculate the remainder when 944 is divided by 18.
8
Calculate the remainder when 885 is divided by 100.
85
What is the remainder when 2056 is divided by 410?
6
What is the remainder when 1186 is divided by 41?
38
What is the remainder when 106018 is divided by 36?
34
Calculate the remainder when 42 is divided by 22.
20
Calculate the remainder when 574 is divided by 138.
22
Calculate the remainder when 73 is divided by 14.
3
Calculate the remainder when 1831 is divided by 40.
31
Calculate the remainder when 147 is divided by 36.
3
Calculate the remainder when 169 is divided by 30.
19
What is the remainder when 36 is divided by 5?
1
Calculate the remainder when 544 is divided by 14.
12
What is the remainder when 160 is divided by 61?
38
What is the remainder when 42 is divided by 10?
2
Calculate the remainder when 285 is divided by 32.
29
What is the remainder when 2811 is divided by 67?
64
What is the remainder when 1164 is divided by 120?
84
Calculate the remainder when 62 is divided by 11.
7
Calculate the remainder when 705 is divided by 59.
56
What is the remainder when 209 is divided by 99?
11
Calculate the remainder when 1688 is divided by 15.
8
Calculate the remainder when 11 is divided by 9.
2
What is the remainder when 431 is divided by 75?
56
Calculate the remainder when 331 is divided by 3.
1
Calculate the remainder when 809 is divided by 103.
88
Calculate the remainder when 24075 is divided by 40.
35
What is the remainder when 190 is divided by 30?
10
Calculate the remainder when 1379 is divided by 30.
29
Calculate the remainder when 763 is divided by 45.
43
Calculate the remainder when 713 is divided by 126.
83
Calculate the remainder when 263 is divided by 14.
11
Calculate the remainder when 139 is divided by 39.
22
What is the remainder when 99 is divided by 47?
5
What is the remainder when 8659 is divided by 71?
68
Calculate the remainder when 112 is divided by 45.
22
Calculate the remainder when 878 is divided by 14.
10
Calculate the remainder when 761 is divided by 16.
9
What is the remainder when 308 is divided by 86?
50
Calculate the remainder when 515 is divided by 52.
47
What is the remainder when 405 is divided by 42?
27
Calculate the remainder when 153 is divided by 16.
9
What is the remainder when 123 is divided by 33?
24
Calculate the remainder when 173 is divided by 52.
17
Calculate the remainder when 1276 is divided by 115.
11
What is the remainder when 11 is divided by 1?
0
What is the remainder when 511 is divided by 67?
42
What is the remainder when 265 is divided by 55?
45
What is the remainder when 96 is divided by 54?
42
What is the remainder when 557 is divided by 35?
32
Calculate the remainder when 185 is divided by 62.
61
Calculate the remainder when 282 is divided by 264.
18
What is the remainder when 496 is divided by 181?
134
What is the remainder when 67 is divided by 23?
21
What is the remainder when 255 is divided by 88?
79
What is the remainder when 1147 is divided by 134?
75
Calculate the remainder when 929 is divided by 21.
5
What is the remainder when 113 is divided by 20?
13
Calculate the remainder when 63 is divided by 34.
29
What is the remainder when 546 is divided by 179?
9
What is the remainder when 1602 is divided by 526?
24
Calculate the remainder when 613 is divided by 14.
11
Calculate the remainder when 85 is divided by 3.
1
What is the remainder when 318 is divided by 4?
2
What is the remainder when 719 is divided by 101?
12
Calculate the remainder when 298 is divided by 62.
50
What is the remainder when 105 is divided by 11?
6
What is the remainder when 298 is divided by 122?
54
Calculate the remainder when 566 is divided by 57.
53
What is the remainder when 501 is divided by 84?
81
Calculate the remainder when 110 is divided by 29.
23
Calculate the remainder when 1305 is divided by 109.
106
What is the remainder when 149 is divided by 19?
16
Calculate the remainder when 738 is divided by 24.
18
Calculate the remainder when 703 is divided by 88.
87
Calculate the remainder when 305 is divided by 153.
152
Calculate the remainder when 1962 is divided by 152.
138
What is the remainder when 122 is divided by 37?
11
What is the remainder when 321 is divided by 33?
24
What is the remainder when 4923 is divided by 4921?
2
Calculate the remainder when 1164 is divided by 147.
135
Calculate the remainder when 208 is divided by 10.
8
Calculate the remainder when 104 is divided by 44.
16
Calculate the remainder when 648 is divided by 102.
36
Calculate the remainder when 18215 is divided by 24.
23
Calculate the remainder when 88 is divided by 45.
43
Calculate the remainder when 38796 is divided by 200.
196
Calculate the remainder when 784 is divided by 75.
34
Calculate the remainder when 27 is divided by 15.
12
Calculate the remainder when 2005 is divided by 59.
58
Calculate the remainder when 105 is divided by 65.
40
What is the remainder when 227 is divided by 197?
30
Calculate the remainder when 2920 is divided by 71.
9
Calculate the remainder when 1077 is divided by 120.
117
Calculate the remainder when 691 is divided by 113.
13
What is the remainder when 1804 is divided by 595?
19
Calculate the remainder when 4334 is divided by 181.
171
What is the remainder when 118 is divided by 8?
6
What is the remainder when 696 is divided by 144?
120
Calculate the remainder when 1559 is divided by 87.
80
What is the remainder when 2845 is divided by 73?
71
What is the remainder when 215 is divided by 41?
10
What is the remainder when 188 is divided by 16?
12
Calculate the remainder when 453 is divided by 38.
35
Calculate the remainder when 731 is divided by 151.
127
What is the remainder when 495 is divided by 30?
15
Calculate the remainder when 126 is divided by 16.
14
Calculate the remainder when 2308 is divided by 42.
40
What is the remainder when 1020 is divided by 337?
9
Calculate the remainder when 16 is divided by 11.
5
What is the remainder when 687 is divided by 171?
3
What is the remainder when 371 is divided by 189?
182
Calculate the remainder when 480 is divided by 96.
0
What is the remainder when 2397 is divided by 22?
21
Calculate the remainder when 10301 is divided by 202.
201
What is the remainder when 113 is divided by 41?
31
Calculate the remainder when 114 is divided by 59.
55
Calculate the remainder when 119 is divided by 31.
26
What is the remainder when 563 is divided by 34?
19
Calculate the remainder when 2288 is divided by 1130.
28
Calculate the remainder when 382 is divided by 55.
52
Calculate the r